se 16?
-322
100201211 (base 3) to base 7
26455
What is 34a (base 16) in base 6?
3522
-2310 (base 6) to base 2
-1000100010
What is -30470 (base 9) in base 3?
-1000112100
-13333332 (base 4) to base 15
-9a96
877 (base 12) to base 8
2333
686 (base 11) to base 2
1100110100
5cc7 (base 13) to base 10
13176
-10011110011 (base 2) to base 16
-4f3
What is 254 (base 13) in base 6?
1515
Convert -b8 (base 13) to base 15.
-a1
1210020 (base 3) to base 10
1302
-2a1 (base 12) to base 16
-199
What is -110 (base 4) in base 15?
-15
Convert -11111100011101 (base 2) to base 3.
-211011102
What is -11100101 (base 2) in base 3?
-22111
-115 (base 6) to base 8
-57
Convert 3667 (base 8) to base 14.
a11
Convert -2443133 (base 5) to base 6.
-1000020
Convert 22222 (base 7) to base 13.
271c
Convert 15350 (base 6) to base 5.
40024
-4002 (base 6) to base 9
-1162
Convert 313211 (base 4) to base 2.
110111100101
11000002111 (base 3) to base 13
29b36
Convert 110001101010101 (base 2) to base 4.
12031111
Convert -10001100111 (base 2) to base 14.
-5a7
Convert 12340 (base 5) to base 12.
68a
What is 20012 (base 3) in base 8?
247
What is 4351 (base 8) in base 14?
b8d
What is -310204 (base 7) in base 4?
-30322330
What is -22513 (base 8) in base 7?
-36556
-5459 (base 10) to base 9
-7435
Convert -10121 (base 9) to base 16.
-1a05
What is -20574 (base 9) in base 12?
-7a4a
-13303 (base 4) to base 8
-763
2912 (base 10) to base 8
5540
Convert 461a (base 16) to base 6.
215030
What is -20122000 (base 3) in base 15?
-1673
2322 (base 4) to base 15
c6
Convert 12211121 (base 3) to base 10.
4255
-10656 (base 9) to base 13
-3300
What is 3046 (base 7) in base 5?
13223
Convert 55006 (base 9) to base 7.
211200
-9a1 (base 16) to base 15
-ae5
What is 32110 (base 8) in base 4?
3101020
-23630 (base 7) to base 11
-4688
-1536 (base 7) to base 13
-384
Convert -30b (base 14) to base 12.
-41b
What is 202001 (base 3) in base 12?
391
What is 12000012 (base 3) in base 16?
e42
-3751 (base 9) to base 7
-11110
Convert 1222121202 (base 3) to base 4.
21202301
-111011100111 (base 2) to base 7
-14060
Convert -2638 (base 9) to base 13.
-b93
Convert -3df3 (base 16) to base 2.
-11110111110011
What is 35a (base 11) in base 9?
525
-3428 (base 11) to base 10
-4507
Convert 7523 (base 15) to base 10.
24783
Convert 15307 (base 11) to base 13.
9b28
Convert -12159 (base 12) to base 4.
-11331111
23155 (base 8) to base 16
266d
11213 (base 7) to base 16
b24
What is -11a0 (base 13) in base 9?
-3373
What is 15645 (base 7) in base 10?
4443
What is -1662 (base 13) in base 3?
-11111220
-124 (base 14) to base 13
-147
12215 (base 9) to base 14
2db5
What is 111220010 (base 3) in base 6?
114520
What is -31712 (base 9) in base 7?
-115124
What is 1051 (base 7) in base 11?
315
What is c41 (base 14) in base 4?
211221
What is 883 (base 9) in base 7?
2052
Convert -635 (base 10) to base 2.
-1001111011
What is -193 (base 14) in base 7?
-643
Convert 2010042 (base 5) to base 2.
111110010011001
2b7 (base 12) to base 8
653
-a69 (base 11) to base 6
-5541
-419c (base 14) to base 6
-124210
What is 4177 (base 13) in base 4?
2031133
Convert 1250 (base 8) to base 10.
680
Convert -1202220 (base 3) to base 2.
-10100001101
11753 (base 9) to base 3
101211210
What is -52cb (base 16) in base 10?
-21195
155134 (base 6) to base 2
11110000100010
What is -10111110000001 (base 2) in base 6?
-132145
Convert 16e1 (base 16) to base 2.
1011011100001
Convert -35620 (base 7) to base 8.
-22012
4508 (base 9) to base 8
6401
19192 (base 10) to base 3
222022211
-20552 (base 6) to base 7
-11114
13032000 (base 4) to base 8
71600
Convert 2448 (base 9) to base 7.
5216
-cc9 (base 14) to base 11
-199a
-15ab (base 12) to base 10
-2579
Convert -100001011111 (base 2) to base 6.
-13531
Convert -3243 (base 13) to base 11.
-527a
What is -22233 (base 5) in base 10?
-1568
Convert -90f (base 16) to base 8.
-4417
Convert -e642 (base 16) to base 10.
-58946
What is -22250 (base 7) in base 15?
-19eb
Convert 332404 (base 5) to base 11.
879a
What is 3223131 (base 4) in base 8?
35335
What is -4b7 (base 12) in base 14?
-391
-2810 (base 15) to base 7
-33654
What is 23767 (base 12) in base 8?
135177
Convert 7304 (base 8) to base 5.
110110
What is 47220 (base 8) in base 14?
7488
-1644 (base 9) to base 3
-1201111
16730 (base 8) to base 5
221030
Convert 384 (base 11) to base 9.
555
Convert 446 (base 7) to base 16.
e6
What is 4003 (base 15) in base 5?
413003
Convert 12132102 (base 4) to base 6.
322430
16173 (base 13) to base 7
233316
Convert -a35 (base 12) to base 15.
-68b
Convert -301 (base 12) to base 10.
-433
Convert -12174 (base 8) to base 13.
-2505
-31423 (base 5) to base 9
-2807
Convert 644 (base 10) to base 12.
458
What is 331200 (base 5) in base 2?
10110010100001
-423113 (base 6) to base 12
-17a99
What is -11011110011 (base 2) in base 5?
-24104
Convert 1157 (base 15) to base 7.
13510
Convert 2894 (base 11) to base 2.
111010010101
221210 (base 4) to base 6
20152
-679 (base 14) to base 4
-110003
Convert 16472 (base 8) to base 9.
11233
What is -210101220 (base 3) in base 2?
-11110011110011
Convert 534 (base 8) to base 6.
1340
Convert -10020121020 (base 3) to base 4.
-33211311
-11010100110000 (base 2) to base 12
-7a68
241 (base 9) to base 7
403
What is -26b7 (base 16) in base 12?
-589b
Convert 1011001100001111 (base 2) to base 4.
23030033
200220102 (base 3) to base 9
20812
What is c663 (base 15) in base 2?
1010001111010111
-2211100 (base 3) to base 12
-1239
Convert 359 (base 14) to base 8.
1233
Convert -451 (base 9) to base 4.
-11302
-1231110 (base 4) to base 16
-1b54
What is 2635 (base 14) in base 3?
100012120
Convert 530 (base 8) to base 12.
248
Convert 6a86 (base 16) to base 11.
19541
Convert 1000111100 (base 2) to base 10.
572
Convert -6363 (base 8) to base 16.
-cf3
Convert -53532 (base 6) to base 3.
-101001102
Convert 4545 (base 8) to base 13.
1130
-189b7 (base 12) to base 7
-206641
Convert 202 (base 11) to base 13.
15a
-2d0 (base 14) to base 6
-2354
Convert -230231 (base 4) to base 11.
-2171
2031320 (base 5) to base 16
8237
What is -130010 (base 4) in base 12?
-1058
-10343013 (base 5) to base 14
-24d1d
What is 559 (base 12) in base 4?
30111
Convert -1325 (base 14) to base 4.
-310211
Convert -536 (base 11) to base 2.
-1010000100
Convert -653 (base 14) to base 7.
-3433
-47423 (base 8) to base 9
-30682
-200001222 (base 3) to base 11
-9998
What is -8bc5 (base 15) in base 2?
-111001111011100
What is -523212 (base 6) in base 9?
-63788
Convert -394 (base 13) to base 11.
-521
Convert 1442 (base 7) to base 6.
2345
Convert -23050 (base 8) to base 15.
-2d63
What is 1102 (base 9) in base 3?
1010002
Convert 2131311 (base 4) to base 12.
5a19
4020 (base 6) to base 9
1173
What is -2461 (base 7) in base 6?
-4141
-222100 (base 3) to base 15
-326
Convert 63b (base 12) to base 4.
32033
What is -245041 (base 6) in base 3?
-1002221221
What is -304 (base 16) in base 10?
-772
What is 300512 (base 6) in base 4?
11233130
Convert -104c (base 13) to base 14.
-b77
Convert 11221111 (base 3) to base 9.
4844
What is 1001111110 (base 2) in base 6?
2542
100214 (base 5) to base 14
1236
Convert 1000112 (base 3) to base 4.
23213
-604 (base 15) to base 7
-3643
Convert -19762 (base 10) to base 16.
-4d32
-2356 (base 7) to base 3
-1012101
What is 201011 (base 3) in base 7?
1336
Convert a3 (base 11) to base 12.
95
What is 10434 (base 5) in base 13?
453
What is 446 (base 16) in base 9?
1445
22120 (base 3) to base 13
14a
-2043 (base 5) to base 16
-111
23426 (base 7) to base 16
179f
What is 33a0 (base 13) in base 16?
1c3c
Convert 4a17 (base 14) to base 3.
122202220
Convert -112112110 (base 3) to base 5.
-314341
Convert -17a72 (base 11) to base 12.
-1273b
-2642 (base 7) to base 6
-4402
-2fe (base 16) to base 8
-1376
-11364 (base 7) to base 10
-2937
40ad (base 15) to base 8
32537
-28a0 (base 13) to base 7
-23063
-a31 (base 12) to base 9
-2021
2526 (base 12) to base 6
31250
Convert 37633 (base 9) to base 16.
62d6
Convert -64 (base 8) to base 4.
-310
8823 (base 14) to base 7
125443
What is -1112200200 (base 3) in base 6?
-352413
-12512 (base 9) to base 6
-103015
What is -5081 (base 11) in base 12?
-3aa0
Convert -49 (base 15) to base 10.
-69
Convert 10111100 (base 2) to base 7.
356
Convert -10192 (base 14) to base 12.
-1a504
What is 1039 (base 13) i